tor of 22161 and 1245.
249
What is the highest common factor of 260856 and 72?
72
What is the greatest common divisor of 14635 and 385?
5
Calculate the greatest common factor of 741855 and 3699.
411
What is the highest common factor of 18 and 428751?
9
What is the highest common factor of 30972 and 2784?
348
What is the highest common factor of 660 and 4048?
44
What is the greatest common divisor of 633904 and 40?
8
What is the highest common divisor of 440 and 250316?
44
What is the greatest common factor of 34 and 70703?
17
Calculate the highest common divisor of 275 and 2915.
55
What is the greatest common factor of 33 and 2300892?
33
Calculate the greatest common factor of 618 and 1386.
6
What is the greatest common factor of 335 and 1608?
67
Calculate the greatest common factor of 31270 and 106.
106
Calculate the greatest common divisor of 98840 and 945.
35
Calculate the greatest common divisor of 91729 and 1883.
269
What is the highest common factor of 61 and 1297897?
61
What is the highest common factor of 2509 and 16471?
13
Calculate the highest common divisor of 126 and 1854.
18
What is the highest common factor of 2328 and 2364?
12
Calculate the greatest common divisor of 202 and 2424101.
101
Calculate the greatest common divisor of 3480 and 1210.
10
What is the highest common factor of 580 and 803329?
29
Calculate the greatest common divisor of 42 and 1095262.
14
What is the highest common factor of 154044 and 387?
9
What is the highest common factor of 23 and 866893?
23
Calculate the highest common divisor of 153748 and 1309.
119
What is the greatest common factor of 64713 and 1643?
53
What is the highest common factor of 30 and 80460?
30
Calculate the highest common factor of 7446 and 16206.
438
Calculate the highest common factor of 187437 and 903.
129
What is the highest common divisor of 164985 and 204?
51
What is the greatest common factor of 71890 and 320?
10
Calculate the highest common divisor of 4660666 and 562.
562
Calculate the highest common factor of 3312 and 262269.
207
What is the highest common divisor of 450833 and 62?
31
What is the greatest common factor of 3871 and 415303?
553
Calculate the highest common divisor of 33002 and 232.
58
Calculate the highest common divisor of 24215 and 57615.
835
Calculate the greatest common divisor of 4248 and 49608.
72
What is the highest common divisor of 689 and 9932?
13
Calculate the greatest common factor of 33 and 63239.
11
What is the greatest common factor of 9589 and 903?
43
Calculate the highest common factor of 2237 and 116.
1
Calculate the greatest common divisor of 834 and 3614.
278
What is the highest common factor of 1212238 and 1606?
146
What is the highest common factor of 378 and 68202?
54
Calculate the greatest common factor of 110 and 1485540.
10
Calculate the highest common divisor of 1128 and 213.
3
Calculate the highest common factor of 2653475 and 25.
25
What is the highest common divisor of 50246 and 279748?
1358
What is the highest common factor of 66312 and 540?
108
What is the highest common divisor of 347 and 13660349?
347
Calculate the greatest common divisor of 27 and 136251.
9
Calculate the highest common factor of 310 and 80.
10
Calculate the greatest common divisor of 25032 and 588.
84
What is the greatest common factor of 970 and 358?
2
Calculate the greatest common divisor of 286718 and 20102.
1058
Calculate the greatest common factor of 30 and 67170.
30
What is the highest common factor of 6887475 and 1575?
1575
Calculate the greatest common factor of 81243 and 118.
59
Calculate the highest common divisor of 108284 and 81972.
1012
What is the greatest common factor of 5560 and 1160?
40
What is the greatest common divisor of 657 and 1017?
9
Calculate the greatest common divisor of 1110 and 750.
30
Calculate the greatest common factor of 395 and 2923.
79
Calculate the highest common factor of 51493 and 3757.
221
What is the highest common factor of 11894 and 7562?
38
What is the greatest common divisor of 430077 and 4878?
813
What is the highest common factor of 9826 and 87278?
578
What is the highest common divisor of 247005 and 891?
99
Calculate the greatest common divisor of 33368 and 860.
172
What is the greatest common divisor of 10 and 88990?
10
Calculate the highest common factor of 1524 and 972.
12
What is the highest common divisor of 1639443 and 331?
331
Calculate the highest common divisor of 11857 and 60287.
167
Calculate the greatest common factor of 1355 and 305.
5
What is the greatest common factor of 12141 and 27477?
639
What is the greatest common divisor of 187 and 863456?
11
What is the highest common divisor of 346616 and 3700?
148
What is the highest common factor of 28 and 3511186?
14
What is the greatest common divisor of 2440 and 40?
40
What is the highest common factor of 401941 and 339?
113
Calculate the greatest common divisor of 333260 and 1900.
380
Calculate the greatest common divisor of 2509 and 403.
13
Calculate the greatest common factor of 685 and 1581665.
685
What is the highest common divisor of 204 and 13500?
12
What is the greatest common divisor of 122692 and 2368?
148
Calculate the greatest common divisor of 2918 and 3.
1
What is the highest common divisor of 232 and 401244?
116
What is the highest common divisor of 48 and 1620288?
48
What is the highest common factor of 730416 and 240?
48
Calculate the greatest common divisor of 206 and 39.
1
Calculate the highest common factor of 59423 and 273.
91
Calculate the greatest common factor of 2203755 and 15.
15
Calculate the highest common factor of 22930 and 110.
10
Calculate the highest common factor of 1312 and 39968.
32
Calculate the greatest common factor of 2 and 109456.
2
Calculate the highest common divisor of 2085 and 25437.
417
What is the greatest common factor of 1118 and 157742?
26
Calculate the greatest common factor of 36303 and 12.
3
What is the greatest common factor of 13065 and 2535?
195
What is the highest common factor of 37 and 163?
1
What is the greatest common factor of 11247 and 111981?
489
What is the greatest common factor of 198 and 86262?
66
Calculate the greatest common factor of 1188 and 101376.
396
What is the highest common divisor of 12544 and 413?
7
What is the highest common factor of 91 and 5350345?
91
Calculate the greatest common divisor of 13152 and 77952.
96
What is the highest common divisor of 206 and 10?
2
Calculate the greatest common divisor of 74 and 1621599.
37
What is the greatest common divisor of 4063 and 106833?
239
Calculate the greatest common divisor of 78 and 498498.
78
What is the greatest common factor of 2508 and 950?
38
What is the highest common divisor of 27216 and 729?
243
Calculate the greatest common factor of 299 and 83551.
13
What is the greatest common factor of 41987 and 363?
121
Calculate the highest common factor of 20193 and 3048.
381
Calculate the greatest common divisor of 364 and 3403309.
91
Calculate the highest common divisor of 92391 and 515.
103
What is the highest common factor of 75 and 271500?
75
Calculate the highest common factor of 38245 and 10.
5
Calculate the highest common divisor of 289 and 47209.
17
Calculate the greatest common divisor of 384 and 291072.
384
What is the greatest common factor of 40 and 225020?
20
What is the greatest common divisor of 1581082 and 59?
59
Calculate the highest common factor of 5724 and 8802.
54
Calculate the highest common factor of 419 and 444559.
419
Calculate the greatest common factor of 682320 and 384.
48
What is the highest common factor of 114 and 13839942?
114
What is the greatest common factor of 26 and 41054?
26
Calculate the greatest common divisor of 1680 and 39690.
210
What is the highest common factor of 28 and 307454?
14
What is the greatest common factor of 6120 and 35?
5
Calculate the greatest common factor of 61 and 86620.
61
Calculate the highest common divisor of 798 and 2003379.
399
What is the highest common divisor of 11713 and 106?
53
What is the greatest common divisor of 133 and 132601?
133
What is the greatest common divisor of 80 and 88460?
20
Calculate the highest common divisor of 77792 and 858.
286
What is the highest common divisor of 11211711 and 3717?
1239
Calculate the greatest common divisor of 5115